2a16a (base 14) in base 10?
-2255858
What is -2925812 (base 11) in base 3?
-100110112011202
Convert 23330234 (base 5) to base 15.
43814
Convert -1002120010101 (base 3) to base 8.
-2160311
What is 23310220 (base 4) in base 6?
1012104
Convert -5632064 (base 7) to base 6.
-22534542
85190 (base 13) to base 5
30133014
What is 426242 (base 7) in base 14?
1d092
What is 4321655 (base 7) in base 2?
10000000100010100000
Convert -5237727 (base 8) to base 13.
-399b30
What is 2531000 (base 6) in base 4?
201101220
Convert 28438 (base 13) to base 3.
10211110101
200603 (base 7) to base 10
33911
What is -2170378 (base 9) in base 12?
-484038
What is 103042311 (base 6) in base 11?
1037428
559185 (base 10) to base 2
10001000100001010001
What is 21101210211212 (base 3) in base 8?
17001253
-10045311 (base 6) to base 13
-a0423
What is 2966a (base 11) in base 7?
233430
100000011111011101110101 (base 2) to base 15
b33a7d
-110100110110001 (base 2) to base 3
-1101010010
What is 3c63d (base 15) in base 3?
100211211011
-10300401 (base 6) to base 10
-303409
111001010010100100011 (base 2) to base 16
1ca523
Convert -1021230214 (base 6) to base 13.
-22a9ca1
Convert 12a062 (base 11) to base 9.
340385
1753525 (base 13) to base 7
121252564
Convert 1312150 (base 7) to base 12.
83121
What is -5464324 (base 7) in base 16?
-a3eb8
Convert -1233154 (base 6) to base 14.
-1a4c6
123352 (base 7) to base 4
11210212
What is 8a4369 (base 11) in base 15?
1d6c8a
Convert -2120421 (base 9) to base 12.
-469084
Convert 110102201000122 (base 3) to base 6.
353343025
What is 3261043 (base 8) in base 9?
1576125
Convert 69a2b6 (base 12) to base 4.
12132120222
12212133 (base 5) to base 15
247e8
Convert -73452 (base 15) to base 7.
-3051350
Convert -2675052 (base 9) to base 4.
-11212012223
-26a8b9 (base 15) to base 6
-103454520
Convert -985458 (base 11) to base 4.
-12000032131
What is -15400410 (base 6) in base 13?
-160a94
Convert 137a8c (base 14) to base 2.
10100100101000111100
-1033033201 (base 4) to base 13
-b4976
Convert -65061467 (base 8) to base 2.
-110101000110001100110111
b88839 (base 15) to base 11
4a61873
Convert -4077464 (base 8) to base 12.
-4417b0
-20325041 (base 6) to base 9
-1084057
Convert 524034251 (base 6) to base 11.
518a115
-44986 (base 10) to base 16
-afba
What is -33a093 (base 15) in base 7?
-26641230
360c97 (base 14) to base 3
10110210212011
Convert 3556125 (base 7) to base 15.
8d9e3
13307746 (base 9) to base 7
106521543
344882 (base 12) to base 11
522337
-2245425 (base 6) to base 15
-2425e
-37743 (base 12) to base 8
-223143
21201221020 (base 3) to base 5
14333223
Convert 233111320 (base 4) to base 15.
3c6c7
64823 (base 14) to base 11
156694
Convert -1033013 (base 6) to base 7.
-302163
30220413 (base 6) to base 8
3213771
-12228373 (base 9) to base 3
-102020222102110
Convert -1001011011010000001110 (base 2) to base 16.
-25b40e
-30110345 (base 8) to base 3
-102220112010201
What is -131340 (base 6) in base 2?
-10111011101100
-3ba73 (base 13) to base 15
-23124
What is 15eba (base 15) in base 4?
101102221
Convert 2145354 (base 6) to base 5.
11414434
What is b9746 (base 12) in base 16?
3bbe6
Convert -1647423 (base 10) to base 12.
-675453
Convert -11140 (base 11) to base 8.
-37411
What is -540b5b (base 13) in base 4?
-13201212210
What is -2d945 (base 16) in base 7?
-1405203
Convert -11011110000001011 (base 2) to base 3.
-12202221012
What is 2824 (base 12) in base 3?
20100201
Convert -1db08 (base 15) to base 7.
-552515
-1033201 (base 4) to base 11
-3907
What is -8ac871 (base 13) in base 4?
-30201230302
-b2a93b (base 12) to base 15
-3a3c32
What is b1ac5 (base 13) in base 7?
2463516
What is 2dbcda (base 14) in base 7?
16444263
223b0 (base 13) to base 5
3442131
-13300010 (base 5) to base 8
-406354
What is -6b40d (base 15) in base 11?
-213877
1949c8 (base 13) to base 2
10011011111101011111
-877a28 (base 11) to base 12
-577038
What is 133030013011 (base 4) in base 12?
28a3631
What is -40de6e (base 16) in base 8?
-20157156
What is 1aa8b9b (base 13) in base 14?
1263516
What is -b9a86 (base 15) in base 7?
-5004012
-70813 (base 15) to base 3
-200002121100
-2023000130 (base 4) to base 3
-1001221000212
What is -3737303 (base 8) in base 11?
-645299
What is 2a2a81 (base 16) in base 13?
759a59
-31032320132 (base 4) to base 12
-11b3512
Convert 1d4a13d (base 14) to base 10.
14702603
What is -13284 (base 9) in base 5?
-241421
-164642 (base 12) to base 2
-1011101000010010010
Convert -30312474 (base 8) to base 9.
-13026503
-41542 (base 11) to base 2
-1110110010000010
What is -300312055 (base 6) in base 8?
-23242403
What is 28490 (base 16) in base 3?
22101100102
11e7bf (base 16) to base 2
100011110011110111111
Convert 1101111111010100011 (base 2) to base 3.
212021210220
What is -3d877e (base 15) in base 12?
-bab9a8
What is -5096979 (base 12) in base 10?
-15128301
Convert -64b4 (base 12) to base 15.
-343a
-dde92 (base 16) to base 4
-3131322102
Convert 3b7b3 (base 13) to base 6.
2214415
-493c25 (base 14) to base 4
-21210032021
-10124400402 (base 5) to base 3
-201112202010000
What is -246025 (base 7) in base 12?
-22267
Convert 124022443 (base 5) to base 16.
952b6
Convert -b13bc6 (base 13) to base 8.
-17561464
What is 177078 (base 11) in base 5?
32213230
What is 1783566 (base 10) in base 16?
1b370e
727c0 (base 13) to base 4
302031130
Convert 121202011110 (base 3) to base 2.
1010000011110011100
What is -476b00 (base 12) in base 15?
-17b6dc
What is 3e746 (base 15) in base 3?
101012101210
Convert -277711 (base 12) to base 9.
-1208684
What is -3850369 (base 11) in base 5?
-3202123414
What is -13104c0 (base 14) in base 5?
-4322314001
10111100011101111010001 (base 2) to base 8
27435721
Convert -2000301302 (base 4) to base 3.
-222210120002
-3341 (base 16) to base 5
-404441
Convert 43610765 (base 8) to base 7.
142460664
Convert -4c4e38 (base 15) to base 14.
-6b4623
What is 1143121003 (base 5) in base 11?
158a310
Convert -22044211 (base 5) to base 16.
-2e85c
What is -1068852 (base 12) in base 5?
-1300003223
115d6d (base 16) to base 14
218a3b
2111010202 (base 3) to base 12
243a8
-10334444 (base 5) to base 2
-10101111110001111
-6913091 (base 11) to base 10
-12097559
Convert -103212333 (base 4) to base 9.
-132153
-100a40 (base 11) to base 16
-27a01
-13220330 (base 4) to base 5
-2000132
What is 40455244 (base 6) in base 9?
2155151
-112012022122122 (base 3) to base 2
-11100110010000001000001
Convert 21201331 (base 5) to base 11.
111a99
Convert -1db89 (base 16) to base 8.
-355611
What is 203236 (base 7) in base 10?
34768
Convert -1423233 (base 5) to base 3.
-1111220101
124134321 (base 5) to base 13
186ba9
What is 38c43 (base 13) in base 14?
2a566
-4422454 (base 6) to base 9
-366047
Convert -1353110 (base 6) to base 11.
-52a70
-11010101110011 (base 2) to base 6
-143203
Convert 55c089 (base 13) to base 4.
13232210103
43746 (base 9) to base 2
111000101110000
What is 8a831 (base 13) in base 4?
331133022
Convert -100101000000110011 (base 2) to base 7.
-1200664
What is -6bb28 (base 13) in base 15?
-3d76b
What is 76e0e (base 15) in base 10?
377789
-111001111001111101 (base 2) to base 9
-401314
What is 25224355 (base 6) in base 8?
3062417
What is 753316 (base 9) in base 4?
1231201101
What is -21012222010 (base 3) in base 10?
-142131
-373922 (base 16) to base 11
-20520a7
What is 1121120120 (base 3) in base 2?
111110000010111
2090367 (base 14) to base 8
72610667
193493 (base 10) to base 13
6a0c1
Convert 11000100010011110 (base 2) to base 11.
69573
What is 255830 (base 9) in base 8?
457127
23626 (base 10) to base 9
35361
Convert dd11b (base 16) to base 5.
212433444
What is 1011011021 (base 3) in base 13?
a453
112314433 (base 6) to base 16
1fb735
Convert 196ace (base 15) to base 6.
42310022
What is c91c (base 15) in base 13?
164a3
Convert -167502 (base 8) to base 14.
-18470
What is -31222131222 (base 4) in base 3?
-20201222022100
What is -100032001 (base 4) in base 8?
-201601
-473eb (base 15) to base 2
-110111011011001101
What is -55702674 (base 8) in base 15?
-10c89b9
Convert 100011101011101011 (base 2) to base 8.
435353
-1454663 (base 7) to base 2
-110000011111000001
What is -33d30 (base 16) in base 12?
-a2a14
-5708162 (base 9) to base 5
-1241422032
Convert 4a992 (base 16) to base 10.
305554
1402243 (base 5) to base 9
43018
Convert 2